. Suppose 243 = 2*i - i - 5*x, z = -4*x + 8. Is i prime?
False
Let c = 168 - 166. Suppose 4*d + 0*d - 48041 = 3*a, 0 = c*d - 4*a - 24018. Is d a prime number?
True
Suppose 5*f - 5*y = 1944885, -5*f + y = -603566 - 1341327. Is f prime?
False
Let s be (-112)/52 - (0 - 6/39). Let o be (0 - 10/(-3))/(s/180). Let l = o + 817. Is l a composite number?
True
Let r(t) = -t**3 + 11*t**2 + 14*t - 3. Let b be r(12). Suppose -27*l = -b*l - 63354. Is l composite?
False
Suppose -5*c - 9368 = 38177. Let v = 4086 - -9840. Let k = c + v. Is k composite?
True
Let f = -251575 - -406172. Is f composite?
True
Suppose -15*d + 456759 = 162474. Is d prime?
False
Let h = -268 - -254. Let i(n) = -15*n - 23. Is i(h) composite?
True
Suppose -4*b = -4 - 0. Let c(n) = 1304*n**3 + 2*n**2 - 2*n. Let m be c(b). Let v = 2651 - m. Is v a prime number?
False
Let x(z) be the second derivative of z**4/12 - 5*z**3/2 + 4*z**2 + 20*z. Let l be x(15). Suppose 0 = 10*i - l*i - 2086. Is i prime?
False
Suppose 0 = -5*r + 153 + 187. Suppose 6*y - r = 76. Is 2 - y/15 - 483/(-5) a composite number?
False
Let k(t) = -7674*t - 23077. Is k(-15) a prime number?
True
Suppose 3*r = 0, -83*x + 88*x = -3*r + 866245. Is x a composite number?
False
Let l(w) = 2*w**2 - 31*w - 5. Let b be l(17). Let j be b/16*-6*16/2. Let p = -51 - j. Is p composite?
True
Suppose 3*n - 6 - 27 = 0. Let y(r) = -69*r**2 + 9*r - 19. Let a(b) = -35*b**2 + 5*b - 10. Let h(c) = n*a(c) - 6*y(c). Is h(-3) a composite number?
True
Let q(n) = 113723*n - 15. Is q(2) composite?
False
Suppose -4*q - 16885 = -3*z - 2866, -4*z + 4*q + 18688 = 0. Let g = z + -2735. Is g a composite number?
True
Let w = 6886 + -2929. Is w prime?
False
Let v(j) = -15*j**3 - 13*j**2 - 3*j + 14. Let t be v(-6). Let s = t + 1677. Is s a composite number?
False
Suppose 3*m + 3*s + 10 = -17, 0 = 3*m + s + 19. Is ((-82050)/42)/m + (-4)/(-14) prime?
False
Let o = 3287389 + -1986270. Is o a composite number?
False
Let i = -4984 - -7892. Let o = 4529 - i. Is o a prime number?
True
Let u(j) = j**3 + 2*j - 3. Let i be u(2). Let t be i - 4/6*-6. Let b(p) = 23*p**2 - 17*p + 41. Is b(t) a prime number?
False
Let y = 8 + -5. Suppose -p + 7 = y*m + 3*p, 5*m - 33 = 4*p. Suppose 2*u = m*u - 1437. Is u prime?
True
Let l(h) = 154*h**2 - 65*h - 41. Let r(a) = -103*a**2 + 43*a + 27. Let i(q) = -5*l(q) - 8*r(q). Suppose x - 6*x - 30 = 0. Is i(x) prime?
False
Let n = 877 + 12035. Let w = n + 15678. Suppose -3*b = 3*b - w. Is b composite?
True
Suppose 0 = -9*h + 14*h - w - 2929771, -2*w = -4*h + 2343824. Is h composite?
False
Let z(u) = 3*u - 8. Let p be z(6). Suppose -3*y = 15, -p = -5*m + y - 3*y. Is 29/(m*2/88) a composite number?
True
Let d(y) = -2*y**3 + 143*y**2 + 303*y + 107. Is d(70) prime?
True
Let z be (-2)/10*-13 + 24/60. Suppose -x + 16 = 4*c - 3*x, 5*x = -z*c + 38. Suppose c*f = 1004 - 62. Is f a prime number?
True
Let a(n) = 760*n - 1043. Is a(19) composite?
False
Let p = 83 - 70. Suppose -21*h + p*h + 6088 = 0. Is h a prime number?
True
Let v = -126 + 122. Is (-1 - -2928)/(v/(-20)*5) composite?
False
Suppose -5*c + 4*t = -6, 3*t + 14 = 3*c - 2*t. Let r be 1 - 30*((-832)/10 - c). Suppose -r = -3*j + 2*j. Is j a prime number?
True
Suppose -4*l = -3*c + 282321, 22*c + 188168 = 24*c + 5*l. Is c composite?
False
Suppose n - o = 191 + 1998, -6572 = -3*n + 4*o. Let h be 34/14 - 17*(-6)/(-238). Suppose 0*f - 5*f = -10, -h*p = 5*f - n. Is p composite?
False
Let c(y) = y**3 - 11*y**2 + 17*y + 12. Let t be c(9). Suppose 0 = -4*i + t*v + 624, -4*i - 5*v - 326 = -6*i. Let n = 458 + i. Is n a prime number?
False
Let d = 9 + -15. Let l(u) = -4*u**2 - 8*u - 4. Let x be l(d). Let n = 15 - x. Is n prime?
False
Suppose 3*f + 4*u = 8*f - 135, f - 27 = -3*u. Let q be (72/f)/((-4)/(-6)). Suppose 3605 - 345 = q*y. Is y a composite number?
True
Let a(d) = d**3 + 98*d**2 - 119*d - 493. Is a(-96) composite?
False
Let o be -20*(-5 + 3)/10. Suppose o*d = -48 + 58924. Is d a composite number?
True
Is (1683031/6 - (-2)/(-3))/(960/1280) composite?
True
Let c(l) = -l**3 - 10*l**2 - 9*l - 6. Let z(o) = -o**2 + o. Let y(j) = c(j) - 3*z(j). Let h be y(-6). Let d = 523 + h. Is d composite?
True
Let s = 26 - 18. Suppose 12 = j + s. Suppose u - 3124 = -j*v, -4*u = -v + 5*v - 3124. Is v composite?
True
Let p = 8 - 4. Suppose 9*k = 4722 - 17340. Is 5/((-15)/k) + p/(-12) a composite number?
False
Suppose 3*p - 3 = 0, -72*l + 75*l = -4*p + 113821. Is l a prime number?
False
Let x be (-10)/(-4)*(-24)/(-15). Suppose -2*q + 10 = -2*o + 22, -q + 9 = 4*o. Suppose x*a - 985 = o*a. Is a a composite number?
True
Let l(o) = -468*o**3 + 16*o + 66. Let x be l(-8). Is x/49 - (-4)/28 prime?
True
Let o = 9874 - -8715. Suppose 2973 = 16*h + o. Let d = 1763 + h. Is d composite?
False
Is (-6492)/16*((-1664)/12 + -12) a prime number?
False
Suppose -o = -9 + 14. Let w(q) = -q**3 - 4*q**2 + 7*q + 4. Let f be w(o). Is (25 - 3)/(f/(-39)) a composite number?
True
Suppose -4*i + 4*y = -64, -2*i - i + 5*y + 50 = 0. Suppose i - 33 = -v. Is ((-2)/(-3) - 21/v)*-646 a composite number?
True
Is 20/(-30) + (-20918)/12*-70 a prime number?
True
Let m = -55 + -336. Let u(i) = -8*i**2 - 8*i + 6. Let a be u(5). Let y = a - m. Is y a composite number?
False
Let n be (6504/30)/(3/30). Let z = -1240 + n. Let l = z + -425. Is l prime?
True
Suppose 588*o - 582*o = 3670494. Is o prime?
False
Suppose -485*g = -449*g - 1259316. Is g composite?
False
Suppose 373087 + 311930 = 9*w. Suppose 0 = -6*t + 15*t - w. Is t composite?
True
Let a be (-68891)/(-4) - (42/(-8) + 5). Suppose g + 4*j - 14972 = a, 0 = -4*j + 12. Is g a prime number?
True
Let h(t) = -9632*t - 14. Let b be h(-3). Suppose 0 = -15*v + v + b. Is v prime?
True
Let h be (-20)/18 + 25/225. Is 3*h/9*-15297 prime?
True
Is -1 + (-7038)/(-85)*(147 + 3) prime?
False
Let z be (6 - 6164)*(-44 - 2). Suppose -z = -29*c + 55191. Is c prime?
False
Let m(w) = w**3 + 12*w**2 + 14*w - 5. Let v be m(-11). Let q = v - -42. Suppose q*s - 199 - 3309 = 0. Is s prime?
True
Let m(v) = -11*v**3 + 41*v**2 - 8*v + 5. Let o(w) = 5*w**3 - 20*w**2 + 4*w - 3. Let f(b) = 6*m(b) + 13*o(b). Let c be f(-15). Let z = c + 241. Is z prime?
True
Let h(p) = 12*p**2 - 2*p - 61. Let l be h(9). Let a = -342 + l. Is a prime?
False
Let d = -16 - -12. Let b(q) = 22*q + 4. Let m be b(d). Is (17/2)/((-6)/m) a prime number?
False
Let d(l) = 52*l - 65. Suppose 15 = 5*o - 10, o = 3*s - 46. Let q be d(s). Suppose -1200 = -3*r + q. Is r composite?
False
Suppose 5*m + 1 = 2*q, 11 = 8*q - 5*q + 2*m. Suppose -q*o - 2*o + 2629 = f, 7887 = 3*f - 4*o. Is f prime?
False
Suppose 44*r = 42*r. Suppose -4*m = -4*x - 20188, r*m - 2*m - 4*x + 10082 = 0. Is m prime?
False
Let d be (-6)/3 - (0 - 5). Suppose d*r + 0*r + 3*h - 414 = 0, 138 = r + 4*h. Suppose 2*l = -0*l + r. Is l a composite number?
True
Let n(t) = -4825*t**3 - 16*t**2 - 36*t + 42. Is n(-5) composite?
False
Suppose 5*q - 2*c = 17, -2*q = 2*c - 12 - 6. Let b = 1 + q. Suppose -5*h = f - 1233, 3*h + 3771 = b*f - 3*f. Is f a prime number?
False
Let m = -294 + 299. Suppose -28*x - 1993 = -m*d - 26*x, 0 = -2*d - 4*x + 778. Is d prime?
True
Is ((-1678648)/(-544))/(1/8*(1 + 1)) a prime number?
True
Suppose -4*a - 3568 = -6*a. Let y = a - 385. Is y prime?
True
Let s = 901278 + -521471. Suppose 24*y + 91543 = s. Is y composite?
False
Let o = -22 + 27. Suppose -o*u = 39 + 66. Is (-7)/u*(-4026)/(-2) composite?
True
Is 6 + (0 - 3) - (6 + -24749) a prime number?
False
Suppose -3*m + 3*f + 147 = -0*f, -181 = -4*m + f. Is ((-22)/m)/(1/(-1538)) composite?
False
Let m(d) = -d**3 - 44*d**2 + 47*d + 76. Let v be m(-40). Let j = 14627 + v. Is j a prime number?
False
Suppose -11*u + 173*u = 179016966. Is u prime?
False
Suppose d + 3*d - 3*m = 4, 2*d - 16 = -2*m. Suppose -3*x + 0*h - 4*h + 3457 = 0, -2*x + d*h + 2278 = 0. Is x a prime number?
False
Suppose -4*z - a = -59974, 30020 = 2*z - 19*a + 14*a. Is z a composite number?
True
Suppose -4*z + 1598659 + 3547 = 3*o, 5*o = -z + 400577. Is z prime?
False
Suppose x = 3*x - t + 45, 4*t = x + 12. Let a = 63 + x. Let d = a - -512. Is d a prime number?
False
Let r(f) = 4*f**2 - 4*f - 59. Let j be r(-37). Suppose v - j = -4*k + 1884, v + 5578 = 3*k. Is k prime?
True
Let r(m) be the third derivative of -2*m**2 + 7/15*m**5 - 13/3*m**3 - 2*m - 13/24*m**4 + 0. Is r(-5) 